{"id":263,"date":"2020-03-09T16:20:50","date_gmt":"2020-03-09T19:20:50","guid":{"rendered":"http:\/\/csmb.prefeitura.sp.gov.br\/?page_id=263"},"modified":"2025-10-08T06:55:45","modified_gmt":"2025-10-08T09:55:45","slug":"quem-somos","status":"publish","type":"page","link":"https:\/\/csmb.prefeitura.sp.gov.br\/index.php\/quem-somos\/","title":{"rendered":"Hist\u00f3rico do Projeto"},"content":{"rendered":"<p>O projeto colaborativo Site Hist\u00f3rico CSMB foi realizado por um grupo de trabalho que surgiu com a articula\u00e7\u00e3o de profissionais, estagi\u00e1rios e jovens monitores culturais atuantes na Coordena\u00e7\u00e3o do Sistema Municipal de Bibliotecas (CSMB). Em meados de 2019 a coordena\u00e7\u00e3o geral de CSMB lan\u00e7ou a proposta de cria\u00e7\u00e3o de um website que apresentasse a hist\u00f3ria deste \u00f3rg\u00e3o, recuperando o desenvolvimento das redes de bibliotecas p\u00fablicas ramais e infanto-juvenis da cidade que ao se unificarem em 2005 deram origem \u00e0 CSMB.<\/p>\n<p>Atualmente a CSMB \u00e9 um \u00f3rg\u00e3o da Secretaria Municipal de Cultura e Economia Criativa (SMC) de S\u00e3o Paulo respons\u00e1vel por gerir 53 Bibliotecas P\u00fablicas Municipais de bairro, a Biblioteca Infantojuvenil Monteiro Lobato, al\u00e9m dos Servi\u00e7os de Extens\u00e3o em Leitura composto por 17 Pontos de Leitura, 15 Bosques da Leitura, \u00d4nibus Biblioteca, Caixas Estantes e Feiras de Troca de Jornais e Gibis.<\/p>\n<p>A CSMB prop\u00f5e e coordena a implementa\u00e7\u00e3o de pol\u00edticas p\u00fablicas que incentivem a leitura, bem como o uso dos equipamentos sob sua gest\u00e3o; promover as atividades realizadas nesses equipamentos; propor a aquisi\u00e7\u00e3o de acervos; prestar apoio t\u00e9cnico; desenvolver parcerias com outras institui\u00e7\u00f5es, bem como com a sociedade civil; desenvolver e propor programas cooperativos com outros \u00f3rg\u00e3os municipais; elaborar plano de a\u00e7\u00e3o para a Bibliotecas e Servi\u00e7os de Extens\u00e3o; coordenar e fiscalizar as quest\u00f5es referentes a recursos, pessoal, contratos, parcerias, conv\u00eanios, servi\u00e7os administrativos e de manuten\u00e7\u00e3o locais.<\/p>\n<p>Pautando-se nos organogramas e informa\u00e7\u00f5es dispon\u00edveis, o website foi planejado para receber, identificar e apresentar a evolu\u00e7\u00e3o e as transforma\u00e7\u00f5es ocorridas durante sua hist\u00f3ria, revelando a origem das unidades, sua legisla\u00e7\u00e3o, as mudan\u00e7as de nomes e as altera\u00e7\u00f5es na organiza\u00e7\u00e3o das redes de bibliotecas que deram origem \u00e0 atual CSMB.<\/p>\n<p>Em 2020, estruturou-se o Grupo de Trabalho do Website Hist\u00f3rico de CSMB. Nele, os colaboradores exerceram as seguintes fun\u00e7\u00f5es:<\/p>\n<p><strong>Articuladora do Grupo de Trabalho do Projeto Site Hist\u00f3rico CSMB<\/strong>: Raquel da Silva Oliveira (Em 2020, Coordenadora Geral da Coordena\u00e7\u00e3o do Sistema Municipal de Bibliotecas \u2013 CSMB)<\/p>\n<p><strong>Coordenador do Grupo de Trabalho do Projeto Colaborativo:<\/strong> Claudio Roberto da Silva<\/p>\n<p><strong>Grupo de Trabalho que realizou a pesquisa, produ\u00e7\u00e3o e apresenta\u00e7\u00e3o dos conte\u00fados do Projeto:<\/strong> Alexandre Miyazato, Bruno Silva dos Santos, Claudio Roberto da Silva, Danilo Fermino Riberio, Ded\u00e9 Vieira, Dennis Morales de Toledo Godoy, Giulia Souza Tadei, Juliana da Silva Santiago, Laura Junqueira Caldas, L\u00edcia Pupo de Paula, Pepe Andrade, Ricardo Ernesto Vasquez Beltr\u00e3o<\/p>\n\n\n<p><\/p>\n","protected":false},"excerpt":{"rendered":"<p>O projeto colaborativo Site Hist\u00f3rico CSMB foi realizado por um grupo de trabalho que surgiu com a articula\u00e7\u00e3o de profissionais, estagi\u00e1rios e jovens monitores culturais atuantes na Coordena\u00e7\u00e3o do Sistema Municipal de Bibliotecas (CSMB). Em meados de 2019 a coordena\u00e7\u00e3o geral de CSMB lan\u00e7ou a &hellip; <\/p>\n","protected":false},"author":2,"featured_media":0,"parent":0,"menu_order":0,"comment_status":"closed","ping_status":"closed","template":"","meta":{"footnotes":""},"class_list":["post-263","page","type-page","status-publish","hentry"],"_links":{"self":[{"href":"https:\/\/csmb.prefeitura.sp.gov.br\/index.php\/wp-json\/wp\/v2\/pages\/263","targetHints":{"allow":["GET"]}}],"collection":[{"href":"https:\/\/csmb.prefeitura.sp.gov.br\/index.php\/wp-json\/wp\/v2\/pages"}],"about":[{"href":"https:\/\/csmb.prefeitura.sp.gov.br\/index.php\/wp-json\/wp\/v2\/types\/page"}],"author":[{"embeddable":true,"href":"https:\/\/csmb.prefeitura.sp.gov.br\/index.php\/wp-json\/wp\/v2\/users\/2"}],"replies":[{"embeddable":true,"href":"https:\/\/csmb.prefeitura.sp.gov.br\/index.php\/wp-json\/wp\/v2\/comments?post=263"}],"version-history":[{"count":21,"href":"https:\/\/csmb.prefeitura.sp.gov.br\/index.php\/wp-json\/wp\/v2\/pages\/263\/revisions"}],"predecessor-version":[{"id":3193,"href":"https:\/\/csmb.prefeitura.sp.gov.br\/index.php\/wp-json\/wp\/v2\/pages\/263\/revisions\/3193"}],"wp:attachment":[{"href":"https:\/\/csmb.prefeitura.sp.gov.br\/index.php\/wp-json\/wp\/v2\/media?parent=263"}],"curies":[{"name":"wp","href":"https:\/\/api.w.org\/{rel}","templated":true}]}}