{"id":2296,"date":"2021-08-16T14:43:15","date_gmt":"2021-08-16T17:43:15","guid":{"rendered":"https:\/\/csmb.prefeitura.sp.gov.br\/?page_id=2296"},"modified":"2022-01-17T12:38:53","modified_gmt":"2022-01-17T14:38:53","slug":"fontes-consultadas-2","status":"publish","type":"page","link":"https:\/\/csmb.prefeitura.sp.gov.br\/index.php\/fontes-consultadas-2\/","title":{"rendered":"Fontes Consultadas"},"content":{"rendered":"<p><strong>Ato Prefeito &#8211; PREF N\u00ba 861 DE 30 DE MAIO DE 1935<\/strong>. ORGANIZA O DEPARTAMENTO DE CULTURA E DE RECREACAO.<\/p>\n<p><strong>Ato Prefeito &#8211; PREF N\u00ba 1.146 DE 6 DE JULHO DE 1936.<\/strong> Consolida e modifica disposi\u00e7\u00f5es referentes aos servi\u00e7os, reparti\u00e7\u00f5es e funcion\u00e1rios da Prefeitura de S\u00e3o Paulo e d\u00e1 outras provid\u00eancias. Legisla\u00e7\u00e3o. S\u00e3o Paulo, C\u00e2mara Municipal de S\u00e3o Paulo.\u00a0<a href=\"http:\/\/legislacao.prefeitura.sp.gov.br\/leis\/ato-gabinete-do-prefeito-1146-de-7-de-julho-de-1936\" target=\"_blank\" rel=\"noopener noreferrer\">http:\/\/legislacao.prefeitura.sp.gov.br\/leis\/ato-gabinete-do-prefeito-1146-de-7-de-julho-de-1936<\/a><\/p>\n<p><strong>Decreto Lei N. 360 DE. 13 DE SETEMBRO DE 1946.<\/strong> Disp\u00f5e sobre organiza\u00e7\u00e3o administrativa da Secretaria de Cultura e Higiene. Legisla\u00e7\u00e3o. S\u00e3o Paulo, C\u00e2mara Municipal de S\u00e3o Paulo.<a href=\"http:\/\/documentacao.saopaulo.sp.leg.br\/iah\/fulltext\/decretoslei\/DLEI0360-1946.pdf\" target=\"_blank\" rel=\"noopener noreferrer\">http:\/\/documentacao.saopaulo.sp.leg.br\/iah\/fulltext\/decretoslei\/DLEI0360-1946.pdf<\/a><\/p>\n<p><strong>Decreto Lei Prefeito &#8211; PREF N\u00ba 430 DE 8 DE JULHO DE 1947.<\/strong> Reorganiza a estrutura administrativa da Prefeitura, com o desdobramento da Secretaria de Cultura e Higiene, criada pelo Decreto-lei n.\u00b0 333, de 27 de dezembro de 1945, e d\u00e1 outras provid\u00eancias. Legisla\u00e7\u00e3o. S\u00e3o Paulo, C\u00e2mara Municipal de S\u00e3o Paulo <a href=\"http:\/\/legislacao.prefeitura.sp.gov.br\/leis\/decreto-lei-gabinete-do-prefeito-430-de-9-de-julho-de-1947\" target=\"_blank\" rel=\"noopener noreferrer\">http:\/\/legislacao.prefeitura.sp.gov.br\/leis\/decreto-lei-gabinete-do-prefeito-430-de-9-de-julho-de-1947<\/a><\/p>\n<p>Negr\u00e3o, May Brooking. Biblioteca P\u00fablica Municipal de S\u00e3o Paulo: da cria\u00e7\u00e3o a consolida\u00e7\u00e3o (1926-1951): breve esbo\u00e7o hist\u00f3rico. 1983. Disserta\u00e7\u00e3o (Mestrado em Ci\u00eancias da Comunica\u00e7\u00e3o) \u2013 Escola de Comunica\u00e7\u00e3o e Artes da Universidade de S\u00e3o Paulo, 1983.<\/p>\n<p><strong>Lei 8.204, de 13 de janeiro de 1975.<\/strong> Disp\u00f5e sobre a cria\u00e7\u00e3o da Secretaria Municipal de Cultura, e d\u00e1 outras provid\u00eancias. Legisla\u00e7\u00e3o. S\u00e3o Paulo, C\u00e2mara Municipal de S\u00e3o Paulo <a href=\"https:\/\/www.prefeitura.sp.gov.br\/cidade\/upload\/a5245_Lei_N_8.204-75_Cria_a_SMC.pdf\" target=\"_blank\" rel=\"noopener noreferrer\">https:\/\/www.prefeitura.sp.gov.br\/cidade\/upload\/a5245_Lei_N_8.204-75_Cria_a_SMC.pdf<\/a><\/p>\n","protected":false},"excerpt":{"rendered":"<p>Ato Prefeito &#8211; PREF N\u00ba 861 DE 30 DE MAIO DE 1935. ORGANIZA O DEPARTAMENTO DE CULTURA E DE RECREACAO. Ato Prefeito &#8211; PREF N\u00ba 1.146 DE 6 DE JULHO DE 1936. Consolida e modifica disposi\u00e7\u00f5es referentes aos servi\u00e7os, reparti\u00e7\u00f5es e funcion\u00e1rios da Prefeitura de &hellip; <\/p>\n","protected":false},"author":2,"featured_media":0,"parent":0,"menu_order":0,"comment_status":"closed","ping_status":"closed","template":"","meta":{"footnotes":""},"class_list":["post-2296","page","type-page","status-publish","hentry"],"_links":{"self":[{"href":"https:\/\/csmb.prefeitura.sp.gov.br\/index.php\/wp-json\/wp\/v2\/pages\/2296","targetHints":{"allow":["GET"]}}],"collection":[{"href":"https:\/\/csmb.prefeitura.sp.gov.br\/index.php\/wp-json\/wp\/v2\/pages"}],"about":[{"href":"https:\/\/csmb.prefeitura.sp.gov.br\/index.php\/wp-json\/wp\/v2\/types\/page"}],"author":[{"embeddable":true,"href":"https:\/\/csmb.prefeitura.sp.gov.br\/index.php\/wp-json\/wp\/v2\/users\/2"}],"replies":[{"embeddable":true,"href":"https:\/\/csmb.prefeitura.sp.gov.br\/index.php\/wp-json\/wp\/v2\/comments?post=2296"}],"version-history":[{"count":0,"href":"https:\/\/csmb.prefeitura.sp.gov.br\/index.php\/wp-json\/wp\/v2\/pages\/2296\/revisions"}],"wp:attachment":[{"href":"https:\/\/csmb.prefeitura.sp.gov.br\/index.php\/wp-json\/wp\/v2\/media?parent=2296"}],"curies":[{"name":"wp","href":"https:\/\/api.w.org\/{rel}","templated":true}]}}