{"id":2148,"date":"2021-07-12T11:20:47","date_gmt":"2021-07-12T14:20:47","guid":{"rendered":"https:\/\/csmb.prefeitura.sp.gov.br\/?page_id=2148"},"modified":"2022-01-21T16:16:17","modified_gmt":"2022-01-21T18:16:17","slug":"janela1920","status":"publish","type":"page","link":"https:\/\/csmb.prefeitura.sp.gov.br\/index.php\/janela1920\/","title":{"rendered":"1920"},"content":{"rendered":"\n<p>Nos anos de 1920 j\u00e1 havia propostas documentadas para expans\u00e3o de bibliotecas em bairros da cidade, que apesar de n\u00e3o terem sido executadas, revelam a exist\u00eancia de um projeto de crescimento cultural da rede para a periferia de S\u00e3o Paulo.<\/p>\n\n\n\n<p>O primeiro registro se refere a um projeto escrito por Eurico de G\u00f3es, primeiro diretor da Biblioteca P\u00fablica Municipal, sobre a cria\u00e7\u00e3o de Bibliotecas Populares em bairros oper\u00e1rios, baseado no modelo ingl\u00eas, e pautado em sentimentos humanit\u00e1rios, cujos prop\u00f3sitos almejavam o desenvolvimento cultural do operariado.<\/p>\n\n\n\n<p>Em 1925 a Biblioteca da C\u00e2mara Municipal de S\u00e3o Paulo abre seu acesso ao p\u00fablico, e j\u00e1 no ano seguinte se instala na Rua 7 de Abril como Biblioteca P\u00fablica Municipal. Em seu Regulamento, datado de 12 de janeiro de 1926, se l\u00ea que assim que a Biblioteca Central estivesse funcionando, seriam estabelecidas salas populares de leitura ou bibliotecas circulantes nos principais bairros oper\u00e1rios da cidade.&nbsp;<\/p>\n\n\n\n<p>Em 14 de agosto de 1927, o jornal Di\u00e1rio Nacional divulgou o projeto do advogado Spencer Vampr\u00e9 sobre a cria\u00e7\u00e3o das <em>Bibliothecas Circulantes<\/em>, no qual a proposta, acess\u00edvel ao povo dos bairros oper\u00e1rios de S\u00e3o Paulo, surgiria sob regulamenta\u00e7\u00e3o do poder p\u00fablico. Elas emprestariam as obras mediante cau\u00e7\u00e3o que n\u00e3o poderia exceder o valor por volume estabelecido em 20$000 (vinte mil r\u00e9is). Essas cau\u00e7\u00f5es seriam feitas no tesouro municipal que expediria um certificado dando direito a retirada dos livros.<\/p>\n\n\n\n<p>A lei de n\u00ba 3.097, de 28 de setembro de 1927, assinada pelo prefeito Jos\u00e9 Pires do Rio, criou as bibliotecas circulantes que seriam institu\u00eddas nas sedes das subprefeituras, e, nos bairros oper\u00e1rios onde estas n\u00e3o existissem, o prefeito confiaria o servi\u00e7o a uma sociedade civil com sede no bairro e que se reputasse id\u00f4nea.<\/p>\n\n\n\n<p>Essa proposta n\u00e3o foi executada. Conforme explicou Eurico de G\u00f3es, em entrevista concedida ao <em>Jornal do Estado<\/em>, em 4 de mar\u00e7o de 1933, a prioridade foi a constru\u00e7\u00e3o de um pr\u00e9dio para a instala\u00e7\u00e3o da biblioteca principal da cidade. S\u00f3 depois as sucursais seriam estabelecidas nos bairros oper\u00e1rios do Br\u00e1s, Belenzinho, Mooca, Ipiranga, Vila Mariana, Pinheiros, Bom Retiro e Santana.<\/p>\n\n\n\n<p>\u00c9 importante recordar que o escritor M\u00e1rio de Andrade, \u00e0 \u00e9poca, tamb\u00e9m pensava sobre a organiza\u00e7\u00e3o de um departamento para a \u00e1rea de cultura. Entre os anos de 1926 a 1931 um grupo de intelectuais, composto por M\u00e1rio de Andrade, S\u00e9rgio Milliet, Rubens Borba de Moraes e Ant\u00f4nio de Alc\u00e2ntara Machado, reunia\u2010se para discutir sobre a cria\u00e7\u00e3o do que veio a ser o Departamento de Cultura.<\/p>\n\n\n\n<p>Paulo Duarte preparou um anteprojeto no qual esbo\u00e7ava um sistema formado por parques infantis, restaura\u00e7\u00e3o e publica\u00e7\u00e3o de documentos hist\u00f3ricos, teatros, bibliotecas, discotecas, entre outros; este anteprojeto foi encaminhado a v\u00e1rios outros intelectuais da \u00e9poca para conhecimento e sugest\u00f5es.<\/p>\n\n\n\n<p>Com as propostas incorporadas, M\u00e1rio de Andrade, Paulo Duarte e Paulo Barbosa de Campos redigiram o projeto final do Departamento de Cultura.<\/p>\n\n\n<div id=\"pl-gb2148-6a06be5c4cfd1\"  class=\"panel-layout\" ><div id=\"pg-gb2148-6a06be5c4cfd1-0\"  class=\"panel-grid panel-no-style\" ><div id=\"pgc-gb2148-6a06be5c4cfd1-0-0\"  class=\"panel-grid-cell panel-grid-cell-empty\" ><\/div><div id=\"pgc-gb2148-6a06be5c4cfd1-0-1\"  class=\"panel-grid-cell panel-grid-cell-mobile-last\" ><div id=\"panel-gb2148-6a06be5c4cfd1-0-1-0\" class=\"so-panel widget widget_media_image panel-first-child panel-last-child\" data-index=\"0\" ><a href=\"https:\/\/csmb.prefeitura.sp.gov.br\/index.php\/time-line-inicio\/\" rel=\"httpscsmb1prefeituraspgovbrindexphptime-line-inicio\" target=\"_blank\"><img loading=\"lazy\" decoding=\"async\" width=\"886\" height=\"144\" src=\"https:\/\/csmb.prefeitura.sp.gov.br\/wp-content\/uploads\/2021\/07\/BP1920.jpeg\" class=\"image wp-image-2191  attachment-full size-full\" alt=\"\" style=\"max-width: 100%; height: auto;\" srcset=\"https:\/\/csmb.prefeitura.sp.gov.br\/wp-content\/uploads\/2021\/07\/BP1920.jpeg 886w, https:\/\/csmb.prefeitura.sp.gov.br\/wp-content\/uploads\/2021\/07\/BP1920-300x49.jpeg 300w, https:\/\/csmb.prefeitura.sp.gov.br\/wp-content\/uploads\/2021\/07\/BP1920-768x125.jpeg 768w, https:\/\/csmb.prefeitura.sp.gov.br\/wp-content\/uploads\/2021\/07\/BP1920-369x60.jpeg 369w\" sizes=\"auto, (max-width: 886px) 100vw, 886px\" \/><\/a><\/div><\/div><div id=\"pgc-gb2148-6a06be5c4cfd1-0-2\"  class=\"panel-grid-cell panel-grid-cell-empty\" ><\/div><\/div><\/div>","protected":false},"excerpt":{"rendered":"<p>Nos anos de 1920 j\u00e1 havia propostas documentadas para expans\u00e3o de bibliotecas em bairros da cidade, que apesar de n\u00e3o terem sido executadas, revelam a exist\u00eancia de um projeto de crescimento cultural da rede para a periferia de S\u00e3o Paulo. O primeiro registro se refere &hellip; <\/p>\n","protected":false},"author":2,"featured_media":0,"parent":0,"menu_order":0,"comment_status":"closed","ping_status":"closed","template":"","meta":{"footnotes":""},"class_list":["post-2148","page","type-page","status-publish","hentry"],"_links":{"self":[{"href":"https:\/\/csmb.prefeitura.sp.gov.br\/index.php\/wp-json\/wp\/v2\/pages\/2148","targetHints":{"allow":["GET"]}}],"collection":[{"href":"https:\/\/csmb.prefeitura.sp.gov.br\/index.php\/wp-json\/wp\/v2\/pages"}],"about":[{"href":"https:\/\/csmb.prefeitura.sp.gov.br\/index.php\/wp-json\/wp\/v2\/types\/page"}],"author":[{"embeddable":true,"href":"https:\/\/csmb.prefeitura.sp.gov.br\/index.php\/wp-json\/wp\/v2\/users\/2"}],"replies":[{"embeddable":true,"href":"https:\/\/csmb.prefeitura.sp.gov.br\/index.php\/wp-json\/wp\/v2\/comments?post=2148"}],"version-history":[{"count":0,"href":"https:\/\/csmb.prefeitura.sp.gov.br\/index.php\/wp-json\/wp\/v2\/pages\/2148\/revisions"}],"wp:attachment":[{"href":"https:\/\/csmb.prefeitura.sp.gov.br\/index.php\/wp-json\/wp\/v2\/media?parent=2148"}],"curies":[{"name":"wp","href":"https:\/\/api.w.org\/{rel}","templated":true}]}}